
2, 3
Suppose -n - 3*j + 13 = 0, 3*n = j - 2*j + 31. Suppose 5*b + 65 = n*b. List the prime factors of b.
13
Suppose -5*t = 3*v - 27, -t + 3*v - 3 = 2*t. Let l(h) = -h**3 + 9*h**t - h - 2*h**3 + 2*h**2. What are the prime factors of l(1)?
7
Let i(x) = 3*x**2 - 107*x + 77. What are the prime factors of i(48)?
17, 109
Let h be ((-1)/2)/((-1)/346). Let p = -84 + h. List the prime factors of p.
89
Suppose 0 = -0*z + 3*z - 4*u - 30, -5*z = -u - 50. What are the prime factors of (-152)/(-5) + (-4)/z?
2, 3, 5
Let q(a) be the third derivative of a**6/360 + a**5/40 - a**4/3 + a**3/3 + 2*a**2. Let u(z) be the first derivative of q(z). List the prime factors of u(4).
2, 5
What are the prime factors of (-821*2/6)/(1/(-3))?
821
Let o = 264 - 184. List the prime factors of o.
2, 5
Let g be (-4)/((-48)/(-57))*20. Let v = -46 - g. What are the prime factors of v?
7
Let m be 74/(1/1 - 0). Suppose -11*n + 13*n + 12 = 0. What are the prime factors of 5/(-15) - m/n?
2, 3
Let i(d) = 37*d + 102. What are the prime factors of i(35)?
11, 127
Suppose -2*l = -2*d + 4430, 3*l - 8866 = -4*d + l. What are the prime factors of d?
2, 277
Suppose 2*q = 14*a - 15*a + 385, 3*a - 3*q = 1182. List the prime factors of a.
17, 23
Let b = -39 - -39. Suppose b*u - k = -u + 64, 0 = -3*u - k + 188. What are the prime factors of u?
3, 7
Let b = -2 - 18. Let q = b + 22. What are the prime factors of ((-20)/(-15))/(q/3)?
2
Suppose 20*u + 6217 = 78877. What are the prime factors of u?
3, 7, 173
Let h be (7 - 1)*(-4)/(-12). Let g be (1 + -2)/(h/(-10)). Suppose -3*l - 12 = -g*l. What are the prime factors of l?
2, 3
Let j be 1 + ((-5)/(-1) - 2). Suppose -j*q = -3*a - 5 - 12, -a - 4 = -q. Suppose -q*h + 128 = -2*r + r, 4*r + 37 = h. List the prime factors of h.
5
Let c(d) = -4*d + 3. Suppose 15 = 3*j, 5*j - 15 = 4*g + 14. What are the prime factors of c(g)?
7
Suppose 5*l + 43 - 9 = -p, 4*p = l - 73. Let g = p - -54. Let o = g + -25. List the prime factors of o.
2, 5
Suppose -g - 5*o = -4, -2*g + 2*o = -3*g + 19. Let w = g + -26. What are the prime factors of w?
3
Let b(r) = 18*r - 76. List the prime factors of b(20).
2, 71
List the prime factors of 6/((-60)/(-4777)) - 15/(-50).
2, 239
Let i be ((-2 - -2) + 0)/2. Suppose 0 = 2*l + d - i*d - 68, -d = 0. List the prime factors of l.
2, 17
Let h be 3/(-4) - 39/(-4). Let a = h - 10. List the prime factors of a*159/6*-2.
53
Let y = 367 - -45. Suppose -y + 132 = -5*b. List the prime factors of b.
2, 7
Let v = 75 - 69. Let c(y) = -y**3 + 7*y**2 + 4*y - 3. What are the prime factors of c(v)?
3, 19
Suppose 41 + 34 = 5*k. Suppose -k - 75 = 2*j. Let r = j + 73. List the prime factors of r.
2, 7
Let a be ((-6)/6)/(220/(-218) + 1). Suppose -51 = -g - 5*p, 3*g - 6*g + a = 4*p. What are the prime factors of g?
31
Let b(g) = -1. Suppose a + 5*y = -11, 2*a + y + 3*y = -4. Let s(t) = t**2 + t + 3. Let d(w) = a*b(w) + s(w). What are the prime factors of d(-5)?
19
Let x = -73 + 34. Suppose 0 = 2*y - 3*n + 130, y - 4*n = n - 79. Let u = x - y. List the prime factors of u.
2, 5
Let w be (-25)/(-3) - (-1 - 8/(-6)). Suppose w*c - 22*c = -644. List the prime factors of c.
2, 23
Let y be (4 + -3)/((-3)/(-21)). Let w = 5 - -2. Let n = y + w. What are the prime factors of n?
2, 7
Suppose -5*y + 3*p - 2*p + 1578 = 0, 2*y = 5*p + 622. Let i = y - 149. What are the prime factors of i?
167
Suppose 4 = -2*k, 2*k = -4*r - 491 + 4351. List the prime factors of r.
2, 3, 7, 23
Let r = 13 - -37. Let y = 23 - 49. Let s = r + y. What are the prime factors of s?
2, 3
Let m(b) = -879*b + 106. List the prime factors of m(-6).
2, 5, 269
Let v(q) = -2*q**2 - 48*q + 8. List the prime factors of v(-23).
2, 3
Let d = 32 + -29. Suppose 0 = d*q - 0*q - 195. List the prime factors of q.
5, 13
What are the prime factors of 287 + 15 - (-3 + 4)*-1?
3, 101
Let k(m) = -4*m - 38. Let h be k(-9). What are the prime factors of (1/(-2))/(h/356)?
89
Suppose -73 = 5*b - 118. List the prime factors of 26/117 + -1 + 484/b.
53
Suppose 2*f = -2*m + 4*f + 772, -2*m + 768 = 2*f. What are the prime factors of m?
5, 7, 11
Let g be 27/12*(-8)/3. Let b be (8/12)/(1/g). Let v = 19 + b. List the prime factors of v.
3, 5
Suppose m = -2*p - 4, 4*p + 12 = -3*m - 0. Suppose -8*n + 1253 + 403 = p. List the prime factors of n.
3, 23
Let x(k) = k**2 - 1. Let s(a) = -15. Let f(d) = -s(d) + 4*x(d). What are the prime factors of f(0)?
11
Let v = 43 + -78. List the prime factors of ((-28)/v)/((-3)/(-615)).
2, 41
Let x be 3 + 2/1 + -3. Suppose 0*b = -x*b + 4. List the prime factors of (4/1)/(b/5).
2, 5
Suppose 2*i = -5*j + 6*i + 1040, 4*j + 4*i = 868. List the prime factors of j.
2, 53
Let r = -766 + 2241. List the prime factors of r.
5, 59
Let g(v) be the second derivative of 0 - v**2 + 1/12*v**4 - v + 1/3*v**3. What are the prime factors of g(-5)?
13
Let r(p) = -6*p - 10. Let o be r(-2). What are the prime factors of (3/1 - 1)/o - -102?
103
Let k be 1/(((-6)/(-44))/3). Let m = -16 + k. Let o(i) = i**2 - 4*i - 8. What are the prime factors of o(m)?
2
Suppose -234 = 2*j - 1158. List the prime factors of j.
2, 3, 7, 11
Let b(o) = o**3 - 5*o**2 - 5*o + 1. Let j = -5 + 11. Let r be b(j). Suppose r*s - 33 = 4*s. List the prime factors of s.
11
Suppose -2*o + 31 = n + 9, 10 = -2*o. What are the prime factors of (-682)/(-8) + (-8)/n?
5, 17
What are the prime factors of (-2)/11 + -98709*(-11)/363?
3, 997
Let o = -106 + 320. What are the prime factors of o?
2, 107
Let w(i) = 13 + 13 + 6*i**2 - 3*i**2 - 8*i - 27. Let p be w(3). Let m = 7 - p. List the prime factors of m.
5
Let a(x) = 54*x + 55. List the prime factors of a(3).
7, 31
List the prime factors of -7 + 3/((-3)/(-154)).
3, 7
Let d be 20/2 + (-2 - 1). Suppose -a + r + 47 + d = 0, -3*r + 46 = a. Suppose 0 = -2*t + 4, -a = -3*u - t - 4*t. What are the prime factors of u?
2, 7
Let i(l) = -3129*l + 38. What are the prime factors of i(-1)?
3167
Let b be (-24)/(-60) + 2109/15. Let y = -39 + b. What are the prime factors of y?
2, 3, 17
Let m(p) = -p**2 + 25*p - 4. Suppose 12*y + 16 - 220 = 0. What are the prime factors of m(y)?
2, 3, 11
What are the prime factors of -1*(-57450)/46 - (-100)/1150?
1249
Suppose 4*a - 15 = -4*o + 3*a, 0 = 3*o + 5*a + 10. Suppose 0 = o*w - 234 - 281. What are the prime factors of w?
103
Let l = -12 - -6. What are the prime factors of (3/(-6) - 7)*92/l?
5, 23
Suppose -3*q = 3*s, -3*s - 4*q - 4 = -0*s. Suppose -s*k + 14 = 54. What are the prime factors of (-275)/k + (-1)/(-2)?
2, 7
Let m = -1 + 171. Suppose 5*k - m = -2*f, 4*k - f - 136 = 2*f. What are the prime factors of k?
2, 17
Let t(a) = 13*a - 17*a - 7*a**3 + 4*a**2 - 3*a**2 - 3*a**2. What are the prime factors of t(-2)?
2, 7
Let p(d) = 5*d**2 - 7*d + 1. Let s = -2 + -2. List the prime factors of p(s).
109
Suppose -4*j + 3624 = 5*h - 11575, -2*h + 4*j = -6102. What are the prime factors of h?
17, 179
Suppose -5*c = u - 12, -6*u + 140 = -2*u - 3*c. What are the prime factors of u?
2
Suppose 7*d = 26*d - 6023. What are the prime factors of d?
317
Let w be ((-2)/(-4))/((-4)/(-160)). Suppose 2*s - w = -3*q + 5, 2*s = -q + 19. What are the prime factors of s - (1 + 1 + -2)?
2
Let z be ((-9)/(-2) - 2)*2. Let j(o) be the first derivative of o**3/3 + 5*o**2/2 - 5*o + 22. List the prime factors of j(z).
3, 5
Let v(x) be the second derivative of x**5/20 + 5*x**4/12 - 7*x**3/3 + 9*x**2/2 - 20*x. List the prime factors of v(-7).
3
Let r(g) = g**2 + 5*g - 2. Let v(u) = -u - 14. Let j be v(-8). Let l be r(j). Suppose l*f - 65 = 11. What are the prime factors of f?
19
Suppose 3*p - 3*u - 33 = 0, 0*p = -3*p - 2*u + 8. Let s = p - 7. What are the prime factors of 9 + 40 + (-1 - s)?
7
Let b(o) = -4*o**2 - 1. Let a be b(1). Let g be a/(-3)*135/75. Suppose 75 = 4*p + 3*z, -g*p - 15 = 4*z - 73. List the prime factors of p.
2, 3
Suppose -190 = 13*q - 7665. List the prime factors of q.
5, 23
What are the prime factors of 4 - -478*(-5)/(-25)*5?
2, 241
Let v = 1807 + -726. What are the prime factors of v?
23, 47
Suppose -2*s = 3*k - 441, -k + 219 = -4*s + 5*s. Suppose 0 = 7*p - s - 421. Let l = -14 + p. What are the prime factors of l?
7, 11
Let f(m) = -244*m - 63. What are the prime factors of f(-7)?
5, 7, 47
Let f = 1 + 2. Suppose s - 4*k = 5*s - 84, s + f*k - 31 = 0. List the prime factors of s.
2
Let i = -247 - -372. 